= j - 1. Suppose -25 = 5*i, -j*h = -6*i + 2*i - 32. Suppose -4*k = -3*v - 408, h*k - 4*v - 306 = v. What is the units digit of k?
2
Let y(m) = 822*m - 6463. What is the thousands digit of y(57)?
0
Let v be (-11)/(-121) - 177/11. What is the hundreds digit of (v/(-3))/4*(-1062)/(-4)?
3
Let w = -251 + 246. What is the tens digit of (50/2)/w*279/(-15)?
9
What is the thousands digit of (3/(-14)*(-210)/20)/(33/27016)?
1
Let c(t) = t**3 - 53*t**2 + 111*t + 159. Let j be c(51). Let k = 1737 - j. What is the hundreds digit of k?
1
Let w(h) = 34*h**2 + 52*h - 1469. What is the ten thousands digit of w(27)?
2
Suppose 0 = -76*a + 81*a - 22450. Let w = -2702 + a. What is the hundreds digit of w?
7
Let l(u) = -212*u - 144. Let a(s) = -71*s - 48. Let t(k) = 16*a(k) - 5*l(k). What is the hundreds digit of t(-22)?
6
Let j = -101165 + 186479. What is the tens digit of j?
1
Let t = 529 - -46. Let r = t + -186. Let i = -274 + r. What is the tens digit of i?
1
Let r = -10874 + 16758. What is the tens digit of r?
8
Let a be (2 - (-65)/(-10))*(-4)/9. What is the hundreds digit of 768/1 + 5 + a + -8?
7
Let w be (-15)/10*196/(-3). Suppose 0 = 2*t + 5*a + 97, -4*t - 3*a - 149 = -2*a. Let r = w + t. What is the units digit of r?
2
Suppose -10*l = -18208 - 12462. What is the thousands digit of l?
3
Let u(y) = y - 31. Let w be u(23). What is the tens digit of (7 + w)/((-3)/1659) + 2?
5
Suppose 1989 = -3*b + 13689. What is the tens digit of -4 - 78/(-21) - b/(-28)?
3
Let u(d) = d**3 - 8*d**2 - 32*d - 4. Let x be u(11). Suppose -3227 + 588 = -x*a. What is the hundreds digit of a?
3
Suppose -12 = -x + 3*x, 2*c = -3*x + 149254. What is the thousands digit of c?
4
Suppose -10*i + 2278 = 7*i. Suppose 0 = -3*d, -2*c + 2*d + 0*d = -i. What is the tens digit of c?
6
Let r(s) = -s**3 - 25*s**2 - 26*s - 66. What is the hundreds digit of r(-26)?
2
Let v = 238 - 95. Suppose 10*m = 9*m - v. Let n = m + 309. What is the units digit of n?
6
Let s = 170 + -170. What is the hundreds digit of (-9318)/(-24) + 6/8 + s?
3
Let x = 9571 - -12334. What is the tens digit of x?
0
Suppose 3*f = 2*f. Suppose 4*i + 26 - 6 = f. What is the units digit of 3 - -31 - (0 + i - -3)?
6
Let k(p) = p**2 + 7*p + 9. Let m be k(-5). Let a be (1*m)/((-7)/21). Suppose -4*j = a*y - 785, -4*y - 66 = -j + 116. What is the hundreds digit of j?
1
Let u(v) = -v**2 + 8*v - 14. Let s be u(4). Let w be 6 - (8/12)/(s/9). Suppose 3*f = f, -4*f - 81 = -w*n. What is the tens digit of n?
2
Suppose 3*a - 7385 = -2*p + 5372, -4*p = 4*a - 25520. What is the thousands digit of p?
6
Suppose 0 = -4*l + 3*p - 772, 4*l + 0*l + 764 = p. Let k = -55 - l. What is the hundreds digit of k?
1
Let a(n) = 488*n**2 - 10*n - 13. What is the hundreds digit of a(-3)?
4
Suppose -223*y + 213*y = -44280. What is the hundreds digit of y?
4
Let q(n) = 78*n**3 - 4*n**2 + n - 15. What is the thousands digit of q(5)?
9
Let m(q) = -q**2 + 14*q + 8. Let d be m(14). Let o be 3/(d/10 + -1)*1. Let v = 38 - o. What is the units digit of v?
3
Let u(o) = -35*o**2 - 32*o**2 - 10*o + 7*o**3 + 9 - o**3 + 74*o**2. What is the tens digit of u(3)?
0
Let h(m) = -m**2 + 6*m + 4. Let t be h(7). Let f be (72/(-30))/(t/(-15)). Let i(w) = w**2 + 6*w + 14. What is the units digit of i(f)?
6
Let m = 58516 + -5425. What is the tens digit of m?
9
What is the hundreds digit of (3/(-24)*(-44 + 36))/((-1)/(-34609))?
6
Suppose -216 = 4*n + 5*r, -2*r - 212 = 4*n + 2*r. Let s = -78 - n. Let g = 52 + s. What is the tens digit of g?
2
Let d be (-1)/4 + 87/12. Let r(g) = -g**2 + 8*g - 4. Let i be r(d). Suppose -i*s + 960 = 7*s. What is the units digit of s?
6
Suppose 5*k - 4*u - 13 = -36, -5*k - 5*u - 5 = 0. Let i be ((-342)/8)/(k/(-8)). Let h = 218 + i. What is the units digit of h?
4
Suppose -4 = -m + 6. Suppose -12 = 16*q - m*q. Let y = q - -49. What is the units digit of y?
7
Let h be (-32)/(-18) - 114/(-513). Suppose 5*w = h*x + 6964, 3*x + 6961 = 6*w - w. What is the hundreds digit of w?
3
Suppose -22 = h - 3*c - 19, -4*c + 12 = 0. What is the tens digit of ((-16896)/(-36))/(4/h)?
0
Let q = 105 + 93. Suppose -23*j + q = -22*j. What is the hundreds digit of j?
1
Let q(m) = 2121*m**3 + 21*m**2 - 67*m - 13. What is the units digit of q(3)?
2
Let a = -3037 - -14750. What is the units digit of a?
3
Suppose -3*z + z - 2 = -2*m, 25 = -5*z + m. What is the hundreds digit of (-1)/z - 6647/(-6)?
1
Let t(q) = q**3 + 6*q**2 - q - 4. Let n be t(-6). Suppose 2*u + 2*u = 40. Suppose w = u - n. What is the units digit of w?
8
Let j be (-8)/(-32) - 14/(-8). Let u be (5 + -4 + -1)/(1 - j). Suppose -5*l + 5 = u, -3 + 60 = t - l. What is the tens digit of t?
5
Let t be (-6)/15*-335*1. Let g = t - 94. Let w = g - -16. What is the units digit of w?
6
Let n(c) = -53*c**2 + 9*c - 32. Let o be n(4). What is the hundreds digit of o*(-1)/2 + 6?
4
Let z = 3013 + -4225. What is the units digit of (z/(-2))/(6/(3 - 0))?
3
Suppose -3*i - 5*c = -34, -2*i + 51 = 5*c + 20. Suppose -4*a + 820 = -3*t, i*t - t = a - 210. What is the units digit of a?
2
Let y(k) = 4214*k - 7 - 2 - 4017*k. Let p(a) = 66*a - 3. Let q(n) = -8*p(n) + 3*y(n). What is the units digit of q(2)?
3
Let q = -23 - -27. Suppose 30 = q*c + 2*c. Suppose -c*u = -0*u - 260. What is the tens digit of u?
5
What is the thousands digit of ((-38156)/(-14))/((-24)/(-84))?
9
Let h(n) = 3*n**2 + 14*n + 5*n**2 + 6 + 15*n. What is the units digit of h(10)?
6
Let v(b) = b**3 - 10*b**2 - 16*b - 40. What is the units digit of v(20)?
0
Let b = -34 + 37. Let y be 0/3 + b/4*4. What is the units digit of (-1)/1 + y*(-22)/(-2)?
2
Let p(b) = b**3 - 2*b**2 + 31*b + 64. What is the units digit of p(17)?
6
Suppose -31*s - 4530441 = -111*s + 2293719. What is the thousands digit of s?
5
Let n(p) = 4*p**3 - 3*p**2 - 26*p + 2. Let t be n(7). Suppose t = 2*j - 147. What is the units digit of j?
6
Suppose c - 4617 = -3*j, 5*c - j + 18512 = 9*c. What is the hundreds digit of c?
6
Suppose 0 = -13*y + 11454 + 22255. What is the thousands digit of y?
2
Suppose 15 - 11 = h. What is the tens digit of 0 + h + 4400/10?
4
Let b = -172443 - -251905. What is the hundreds digit of b?
4
Let n be 0 + (3 - 3) + 45. Suppose -6*b + n - 9 = 0. Let g(p) = -p + 36. What is the tens digit of g(b)?
3
Suppose 7*o - 237 = 120. Suppose -55*b + o*b = -160. What is the units digit of b?
0
Let q be (1308/8 - 0)*(-2)/3. Let d = q + 249. Suppose -k = 4*k - d. What is the units digit of k?
8
Let b = 169 - 246. Let t = b + 162. What is the tens digit of t?
8
Let i = -68208 - -134784. What is the units digit of i?
6
Let b(s) = 6*s + 7. Let c be b(-7). What is the tens digit of (-15)/35 - 2010/c?
5
What is the tens digit of (-5 - 3 - 67)*5/(-15)?
2
Let a = -588 - -593. Suppose -a*d = -3*k - k + 2460, k = -3*d + 615. What is the units digit of k?
5
Let u be (3/9 - 1)*-3. Let r(v) = v**3 + v**2 - 4*v. Let j be r(2). Suppose 352 = u*k + j*x, -k - 2*k = -2*x - 512. What is the hundreds digit of k?
1
Let h(t) be the second derivative of -t**6/144 + 9*t**5/40 - 35*t**4/12 - 32*t. Let y(p) be the third derivative of h(p). What is the units digit of y(-9)?
2
Let p be (1/7 - (-18)/(-28))*0. Suppose 6*m - 2*m - 24 = p. Suppose -n = -4*g + 263, 4*n = 2*g + m*n - 124. What is the units digit of g?
5
Let x = 909 + -1379. Let z = 330 + x. Let a = z + 242. What is the hundreds digit of a?
1
Let w(n) = -23*n**2 + 4*n + 26. Let l(m) = 8*m**2 - m - 9. Let b(q) = -17*l(q) - 6*w(q). Let r be b(5). What is the tens digit of (r/(-14))/(2/(-84))?
3
Let m be 11 + (3 - 7) - 5. Suppose 4*a = m*t - 2294, 14*t - 15*t = 5*a - 1112. What is the units digit of t?
7
Let p(a) = 5*a - 35. Let x be p(8). Let g(k) = -10*k + 56. Let z be g(x). What is the hundreds digit of 592/3 + z/9?
1
What is the tens digit of 29713 - (6/(-9))/(-8 + 182/21)?
1
Let m(k) = -12*k + 4. Let w be m(0). Suppose 552 = 5*h - w*h. What is the tens digit of h?
5
Let a = 857 + 2521. What is the hundreds digit of a?
3
Let d = 200 + -199. What is the tens digit of d/13 + 248940/468?
3
Suppose -735 = -15*u + 12*u. Suppose 7*x + u = 8*x - n, 743 = 3*x - n. What is the hundreds digit of x?
2
Suppose -2736 = -v - 3*r, -2*v + 0*r + 5463 = 3*r. What is the tens digit of v?
2
Suppose 2*k - h - 576 = 23434, 48020 = 4*k + 4*h. What is the thousands digit of k?
2
Let g(d) = d**2 + d